s = -2 + 20. Let p = s - 13. List the prime factors of p.
5
Let d = -40 - -55. List the prime factors of d.
3, 5
Let z(j) = 2*j**2 - 1. Let u be z(-1). Let n = -1 + u. Let g = n + 12. List the prime factors of g.
2, 3
Let t be (-174)/15 + (-4)/10. Let z be (9/t)/(1/(-4)). Suppose 13 = z*c - 3*b + 2*b, 0 = -3*b - 12. List the prime factors of c.
3
Let f(v) = v - 2. Let j be f(5). Let p be 1*5*(4 - j). Suppose 4*b = 3*k - k, -3*k + 5*b + p = 0. List the prime factors of k.
2, 5
Let d be (-282)/(-22) - 4/(-22). Let l(g) = 10*g**2 - 3*g**2 - 4*g + 3*g + d*g**2. What are the prime factors of l(1)?
19
Let x = 17 + 38. List the prime factors of x.
5, 11
Suppose 2*j + 48 = 5*j. What are the prime factors of 3/6*j*1?
2
What are the prime factors of (27/3)/(15/100)?
2, 3, 5
Let h = -6 + 7. List the prime factors of 8 + 3 - 2*h.
3
Let f(d) = d + 8. Let i be f(-8). Suppose -10 = -x - i*y - 2*y, -10 = 2*y. What are the prime factors of x?
2, 5
Suppose 0 = -5*q - 2*l - 0 + 3, 2*q - 4*l = 6. Suppose 0 = 3*o - q - 5. What are the prime factors of -3*(-1 + (1 - o))?
2, 3
Let r(f) = -2*f**3 + 12*f**2 - 2*f. Let h(b) = -b**3 + b**2 + 1. Let p(m) = h(m) - r(m). List the prime factors of p(11).
23
Suppose -2*f - r - 6 = r, 0 = 5*f - r - 3. Suppose o - k = 2*k + 10, f = 3*o - 4*k - 15. What are the prime factors of o/(-6) - 61/(-6)?
2, 5
List the prime factors of 51*(-3 + 3 - -1).
3, 17
Let u = -10 + 120. What are the prime factors of u?
2, 5, 11
Let z(d) = 2*d**3 - d**3 - 5*d**3 - 6*d**2 + 5*d**3 + 2*d - 2. Let i be (6 - (-2 - -2))/1. List the prime factors of z(i).
2, 5
Let z = -17 + 30. List the prime factors of z + 5 - (5 + -1).
2, 7
Let v(g) = g**2 + g + 1. Let m be v(-2). Let f be (63/6)/m*8. Suppose f = 4*q - k - 65, 3*k = q - 37. List the prime factors of q.
2, 11
Suppose -366 = -2*b - 0*b. What are the prime factors of b?
3, 61
Let c = 107 + -69. What are the prime factors of c?
2, 19
Suppose -6*f + 1102 = -f - 3*r, f = -4*r + 225. What are the prime factors of f?
13, 17
Suppose -7*w - 66 = -9*w. Let t = -16 + w. List the prime factors of t.
17
Let p(g) = 2*g - 9. Let o be p(6). Suppose 3*q + 2 = w, -4 - 2 = -3*q - o*w. Suppose 3*x = -3*j + 27, -4*x + q*j + 35 = 5*j. What are the prime factors of x?
2, 5
List the prime factors of ((-196)/6)/(4/(-6)).
7
Suppose 208 + 377 = 3*w. Suppose w = f + 4*f. What are the prime factors of f?
3, 13
Let u(w) = -w**2 - 30*w - 19. List the prime factors of u(-12).
197
Suppose -3*h = -5*v - 6*h - 2, 0 = -h - 4. What are the prime factors of (v/(-1))/((-16)/24)?
3
Let i(g) = -g**3 - g**2 + 4*g + 2. Let k be (-1)/(-2 - 7/(-3)). Let b be i(k). Let x = -2 + b. What are the prime factors of x?
2, 3
Let m = -4 - -6. Let p = 36 + -23. Let f = p - m. List the prime factors of f.
11
Suppose 4*g + 16 = -0*g, -3*g = 2*f + 60. Let k be (f/10 - -2)*-20. Suppose -4*q = 8, k*q = -4*r + 5*q + 38. List the prime factors of r.
11
Let h(f) = -f**2 + 8*f + 5. Let j be h(8). Suppose -j*r = -3*u + 57, r - 39 = -3*u - 0. Suppose 0 = -4*d - 6 + u. List the prime factors of d.
2
Suppose 0 = -3*i + 1 - 4. What are the prime factors of (-1)/(1*i/24)?
2, 3
Suppose 2*y - 259 = 2*s + 3*s, 2*y = -4*s + 286. List the prime factors of y.
137
Let o be (-100)/(-45) - (-2)/(-9). Let j(i) = -4*i - 3*i**2 + 6*i**2 - 1 - 4*i**o. What are the prime factors of j(-2)?
3
Suppose -j - 31 = -d, 3*j + 80 = 4*d - 49. List the prime factors of d.
2, 3
Let o = -16 - -63. List the prime factors of o.
47
Let p(o) = -o**3 - o**2 + 63. Let f be p(0). Let m = -12 + f. Let s = m + -35. List the prime factors of s.
2
Let q(j) = 9*j + 3. Let r be 3 + 0/(0 - -1). What are the prime factors of q(r)?
2, 3, 5
List the prime factors of ((-145)/(-10))/(1/2).
29
Suppose 4*c = 5 + 63. Let t = -15 + c. List the prime factors of t.
2
Suppose 0 - 3 = -p. Let g be 46/(-6) - (-2)/p. What are the prime factors of 2/4*(1 - g)?
2
What are the prime factors of (-3)/(-7) + ((-414)/(-14) - 2)?
2, 7
Let y = -6 + 6. Suppose t + 1 = 5*f - 51, y = -4*t - 8. What are the prime factors of f?
2, 5
Let q(u) = u**3 + u - 2. Let k be q(2). Let a(c) = -c**3 - 2*c**2 + 4*c + 4. Let w be a(-3). Suppose k + w = x. What are the prime factors of x?
3
Let o(v) = -v**3 - v**2 - 2*v - 4. Let n be o(-3). What are the prime factors of n/25*5/1?
2
Let b = 21 + -38. Let d = b - -29. Suppose -4*g - 19 - d = -5*x, -4 = -4*g. List the prime factors of x.
7
Let w = 7 - 7. Suppose 0 = -w*s + 2*s. Let n(v) = -v**3 + v**2 - v + 9. What are the prime factors of n(s)?
3
Let f(u) = -u**2 - 4*u. Let t be f(-4). Suppose t*q = -3*q + 24. List the prime factors of q.
2
Let x(o) = 15*o - 59. List the prime factors of x(17).
2, 7
Suppose -3*x + 82 = -2*y, x - 2*y - 3*y = 10. What are the prime factors of x + (2 - (0 + 5))?
3
Suppose -z = -3*m - 22, 3*z = 6*z - 3*m - 42. What are the prime factors of 2/4 + 145/z?
3, 5
Let m = 114 + 32. List the prime factors of m.
2, 73
Let u(j) = -j**2 - j + 14 + 4*j + 6*j. Let g be u(10). Suppose n + 27 = g*n. What are the prime factors of n?
3
Let g be ((-22)/(-4))/(2/(-12)). Let s = 10 - g. List the prime factors of s.
43
Let u(v) = 11*v - 7. List the prime factors of u(3).
2, 13
Suppose 2*k + 8 = -2*i, -i - 8 = i. Let l = k - -5. List the prime factors of l.
5
Suppose -68 = -6*s + 2*s. List the prime factors of s.
17
Let j = 126 - 75. Suppose -97 = -2*s - 3*l, 0 = s + 7*l - 3*l - j. List the prime factors of s.
47
Let j(r) = -r. Let p be j(6). Let q = 13 + p. List the prime factors of q.
7
Suppose 20 = 3*s + 4*w, 0 = -0*s + 2*s - 4*w. Suppose -7*u + 7 = -28. Suppose 2*f - u*r - 21 = -s*r, 4*f - 7 = -5*r. List the prime factors of f.
2
Let j(f) = f**3 + 5*f**2 + 5*f - 4. Let u be j(-4). Let d(g) = -g**3 + 6*g**2 - 3*g + 4. Let s be d(5). Let z = s + u. List the prime factors of z.
2, 3
Suppose -3 = -2*r - 0*x - 3*x, -r - 2*x + 3 = 0. Let c = 15 + r. List the prime factors of c.
2, 3
Let j be 16/(-6)*30/(-4). Suppose 0 = 5*r - 4*v + j, -5*v - 2 = 3*r - 27. Suppose -4*z + 2*z + 18 = r. List the prime factors of z.
3
Let z = 1 + 3. Suppose h + z*f = 16, -f + 5*f = -3*h + 88. What are the prime factors of h?
2, 3
Let v(h) = -2*h**3 - 2*h**2 + 3*h + 2. Let c be v(-2). List the prime factors of (-28 + (-4)/c)/(-1).
29
Let q(z) = 2*z + 4. Let p be q(-4). Let u = p - -4. Suppose u - 10 = -h. What are the prime factors of h?
2, 5
Let i be 4/(-10) - 26/10. Let o(q) = -2*q + 7. Let x be o(3). List the prime factors of x + i + (8 - -1).
7
Suppose -5*h - 55 = -0*h + 2*n, 5*n = 0. Let a = h + 23. What are the prime factors of a?
2, 3
What are the prime factors of 86 - (4 + -5 + 4)?
83
Let v(k) be the first derivative of 35*k**2/2 - 1. Let m be v(1). Suppose -30 = 4*y - 6*y + o, -3*y + m = o. What are the prime factors of y?
13
Let o(j) = -j**3 - 6*j**2 - 5*j + 6. Let t be o(-5). Let f = 36 - t. What are the prime factors of f?
2, 3, 5
Let t = 31 + 14. List the prime factors of t.
3, 5
Let b(o) = -o**2 - 10*o - 2. What are the prime factors of b(-9)?
7
Suppose 18*h = 25*h - 511. What are the prime factors of h?
73
Let z = 8 - 4. Let c = z + -2. List the prime factors of c.
2
Let b(i) = -3*i + 4. Let n be b(6). What are the prime factors of (-6)/n + (-436)/(-28)?
2
Let p be -3 + 0*(-1 - 0). List the prime factors of 0 + p*7/(-3).
7
Suppose -n - n + 5*o + 83 = 0, 2*o = -3*n + 115. What are the prime factors of n?
3, 13
Suppose 4*p = p - 5*n + 827, 3*p - 823 = -n. What are the prime factors of p?
2, 137
Suppose -x = -3*i - 84, -164 = -11*x + 9*x + 5*i. What are the prime factors of x?
2, 3
Let t be 2*(2 - 45/3). Let g = 16 + t. Let j = g + 20. List the prime factors of j.
2, 5
Let u(t) = -t + 9. Let p be u(7). Let c be p/7 + (-2)/7. Suppose 0 = 3*a - c*a - 3*g - 15, -3*a = g - 15. List the prime factors of a.
5
Let r(f) = 0 + f + 1 + 6*f. Let z be r(5). Let j = z - 20. List the prime factors of j.
2
Let z = 26 + -13. Suppose -3*h + 26 = -5*w, 0 = -6*h + h + 2*w + 37. Let g = z - h. List the prime factors of g.
2, 3
Let c = 2 + 1. Suppose 0 = 3*b - c*m - 12, 3*b - 19 = 5*m - 3. Suppose q + 5 = b*q. What are the prime factors of q?
5
Suppose -4 = -2*v + 10. Suppose -6*s - 14 + 44 = 0. Suppose 4*k + v + 26 = s*b, -k - 15 = -2*b. List the prime factors of b.
3
Let d = 31 + -14. Let z = d - 31. What are the prime fac